 and g.
11
Let r(i) = -i - 8. Let h be r(-11). Let u be 3/(h/10) + 0. Suppose d + 30 = 2*d. Calculate the highest common factor of u and d.
10
Suppose 3*a - 5 = 2*a. Let m(r) = 18*r + 1. Let i be 0 + -2 + (-1 - -6). Let l be m(i). What is the highest common divisor of l and a?
5
Let y be 1 - -75 - 2 - -3. Suppose 0 = -2*j + 8, -4*t = -2*j - j - 16. What is the highest common divisor of t and y?
7
Let t(n) = n + 11. Let z be t(-7). Suppose -z = -o + 8. What is the highest common factor of o and 8?
4
Suppose -d = -x - 115, 0 = 4*x + 7 + 5. What is the highest common factor of d and 14?
14
Let f be 1/1*0 - -20. Suppose -4*o = -2*g - 562, o + 3*g = -0*g + 137. What is the greatest common divisor of f and o?
20
Let x(z) = -z**3 + 2*z**2 - z + 2. Let v be x(0). Calculate the highest common divisor of 2 and v.
2
Let p = -4 + 8. What is the greatest common divisor of 10 and p?
2
Suppose 4*x - 78 = -2*a, -2*a = 2 - 12. What is the highest common divisor of x and 187?
17
Let d = -12 - -22. What is the greatest common divisor of 5 and d?
5
Let v be -29 + ((-6)/(-3) - 3). Let h be (v/9 + -2)*-3. What is the highest common divisor of 64 and h?
16
Let r(n) = -n**3 - 4*n**2 + 3*n - 5. Let v be r(-5). Let u(s) = 18*s**2 + 1. Let f be u(1). Let y = f + v. What is the highest common factor of 6 and y?
6
Suppose 3*b = -3*b - 24. Let q(o) = -o**2 - 6*o. Let a be q(b). What is the greatest common divisor of 40 and a?
8
Let p be (6/10)/(4/100). What is the highest common divisor of 135 and p?
15
Let o(f) = f**3 - 6*f**2 - f + 6. Let g be o(6). Suppose g = 4*w - 72 - 16. Calculate the greatest common factor of w and 88.
22
Suppose 90 = -13*n + 19*n. Calculate the highest common divisor of 165 and n.
15
Let h(g) = -g**2 - 18*g + 8. Let y be h(-17). What is the greatest common factor of y and 325?
25
Let u be (5 - 132/28) + (-356)/(-28). Let x(p) = -31*p - 2. Let v be x(-3). Calculate the greatest common factor of u and v.
13
Suppose 0*i + 20 = -4*i, -5*i - 53 = -4*y. What is the greatest common divisor of 7 and y?
7
Suppose 2*i = 7*i - 5*p - 545, 5*p = i - 125. Suppose -23 = -2*j + 7. What is the highest common factor of j and i?
15
Suppose -u - 10 = -t + u, 3*t + u = 2. Suppose -2*r = -t - 8. Calculate the highest common divisor of r and 35.
5
Suppose 82 - 2 = -4*g. Let y be ((-112)/(-10))/(g/(-150)). What is the highest common factor of y and 12?
12
Let f be 6 - 3 - 2/2. Let p(n) = n**3 - n**2 - 2. Let v be p(f). Suppose 1 = u + 5*i, 0 = v*u + 3*i + i - 8. Calculate the greatest common divisor of u and 48.
6
Let g = -9 + 14. Let j be 84/4 - (-2 - -3). Calculate the greatest common factor of j and g.
5
Let d(x) = 16*x**2 + 2. Let a be d(-2). Let f be (-90)/(-11) + -2 + (-24)/132. Calculate the greatest common factor of a and f.
6
Let n = 34 - 25. What is the greatest common factor of 15 and n?
3
Let l = -6 - -86. Calculate the greatest common factor of l and 32.
16
Suppose p + 30 - 33 = 0. Let t(a) = a**2 + 7*a + 4. Let g be t(-6). Let n be (1/2)/(g/(-96)). What is the greatest common divisor of p and n?
3
Let q(i) = 9 + 7 + 4*i - 3*i. Let j be q(0). What is the greatest common divisor of j and 4?
4
Suppose 3*s + 5*n + 14 = 4*s, 4*s - 100 = -2*n. Let l(x) = -3*x**2 - x. Let c be l(2). Let r = c + s. Calculate the greatest common factor of 40 and r.
10
Let c be -1*(4 - 0 - 2). Let g = c + 2. Let x be -6*((-56)/6 + g). What is the greatest common divisor of x and 7?
7
Let o(t) = -2 - t + 5*t**2 - 8 + t**3 - 8*t + t. Let z be o(-6). What is the highest common divisor of z and 14?
2
Let z(f) = -f**2 + 6*f - 3. Let k be z(4). Let r = 396 + -158. Suppose -r = -k*q + 482. Calculate the highest common divisor of q and 18.
18
Suppose -5*h + 3*z = -2, -h + 4*z + 9 = -5. Let f be (-33)/h + 3/6. What is the highest common factor of 17 and f?
17
Let w(z) = z + 18. Let b be w(6). Calculate the greatest common divisor of b and 8.
8
Let g be (-22)/(-6) - 1/(-3). Let d(x) = -71*x. Let y be d(1). Let n = -35 - y. What is the greatest common divisor of n and g?
4
Let d = 165 - 111. Calculate the greatest common divisor of 36 and d.
18
Let a be (-18)/(-12) - 2/4. Let v be -3 - (a - 18/1). Calculate the highest common factor of 98 and v.
14
Suppose -256*f + 7 = -255*f. Suppose h - x - 9 = -h, 0 = 4*h + 3*x + 7. Suppose -h*t + 77 = 21. Calculate the greatest common divisor of t and f.
7
Let n(w) = 25*w - 1. Let r be n(1). Let s = r - -3. What is the highest common divisor of s and 3?
3
Let b = -5 - -20. Calculate the greatest common factor of b and 3.
3
Let l = 2 + 36. Calculate the highest common factor of 418 and l.
38
Suppose 0 = -3*a + r - 5*r + 44, 2*a = 2*r + 20. What is the highest common divisor of 18 and a?
6
Let o be (-1)/(-3) - 1/3. Suppose -x - 3*h + 11 = 0, o*h = 4*x + 3*h - 44. What is the highest common factor of x and 44?
11
Let d be 12/66 + (-62)/(-22). Suppose 41 = d*j - 67. Let g be (-2 - -4)*(-45)/(-1). Calculate the highest common divisor of g and j.
18
Suppose -v + 4 = 2. Suppose 0 = -s - s + v. Calculate the greatest common factor of s and 2.
1
Let r = -43 + 48. Calculate the greatest common factor of r and 35.
5
Let k(s) = -s - 2. Let a be k(-6). Suppose 0 = v - 2*o - 30, -6*v + v - 2*o = -138. What is the highest common divisor of v and a?
4
Suppose 2*g = 3*g - 4, 8 = -d + 2*g. Let z = 25 - 15. Suppose -v = -4*k - z, 3*v + 3*k - 15 = -d. Calculate the highest common factor of 12 and v.
6
Let w(b) = b**2 + 3*b + 2. Suppose -3*z - 5*m = 14, 0 = 3*z - 4*z - 3*m - 6. Let o be w(z). What is the greatest common divisor of o and 8?
2
Let m(q) = -q**3 - q**2 + 6*q - 1. Let w be m(-5). Let n be 46 + (-2 - 9/((-9)/2)). Calculate the highest common factor of n and w.
23
Let u = -10 + 24. Let p = 49 + 14. Suppose 4*i - p = i. What is the greatest common divisor of i and u?
7
Let t = 20 - -36. What is the greatest common factor of 7 and t?
7
Let q(v) = 2*v**3 - 2*v**2 + 2*v - 2. Let y be q(2). Suppose 2*w = 3*w - y. Suppose 5*p - 52 = -2. Calculate the greatest common factor of w and p.
10
Let r be (-13)/(-5) - 9/15. Suppose 0*y - 3 = n + 3*y, -r*n - 4*y - 4 = 0. Suppose n = 3*v - v - 16. Calculate the greatest common divisor of v and 80.
8
Suppose -g = -3 - 1. Suppose g*i = -4*p + 49 - 5, -2*i + 28 = 3*p. What is the greatest common factor of p and 30?
6
Suppose 7*s + 2*s = 468. Suppose -2*p = -p - 26. What is the highest common factor of s and p?
26
Suppose 2*b - 3*l - 7 = 0, -12 = -5*b - l + 3*l. Suppose 2*q + 17 = z - 10, 0 = -b*q - 6. Let o = -7 + 70. Calculate the greatest common divisor of o and z.
21
Let g be (30/9 + -2)*(-21)/(-2). Let s be 4/(-10) - 321/(-15). Calculate the highest common divisor of s and g.
7
Let r(c) = -c**3 - 7*c**2 + 12*c. Let j be r(-11). Suppose 2*m = m + j. What is the highest common factor of m and 32?
32
Suppose 5*t - 78 = -3*d, 0*t = -3*t - 3*d + 48. Let a = 0 - 2. Let b be a + (-244)/(-6)*3. Calculate the greatest common factor of b and t.
15
Let v be ((-75)/(-4))/((-25)/(-20) - 1). Calculate the greatest common factor of 30 and v.
15
Suppose 2*m = -5*h + 678, 4*h - 578 = -3*m - 37. Let c be 3*-1*17/(-3). Calculate the greatest common divisor of c and h.
17
Let u(l) = 12*l - 5. Let n(y) = -13*y + 4. Let g(h) = -5*n(h) - 4*u(h). Let m be g(2). What is the greatest common divisor of m and 17?
17
Let m(q) be the third derivative of 5*q**4/24 - q**3/6 - 5*q**2. Let h = -3 - -4. Let x be m(h). What is the highest common factor of 16 and x?
4
Let c be (-527)/7 - 4/(-14). Let g be 2/(4/(-266)) + -2. Let w = c - g. What is the greatest common factor of 40 and w?
20
Let b = 88 + -50. Suppose 0 = -5*s + 22 + b. What is the greatest common divisor of s and 12?
12
Let a = -2 - -4. Suppose 0 = -a*o + o + 16. Suppose -3*m = 4*z - 52, 5*z - 96 = m + 3*m. Calculate the highest common divisor of o and z.
16
Let v = 4 + -3. Suppose 2*a = 4*b - 2, 0 = a - 5*b + 4 - 0. Calculate the greatest common factor of v and a.
1
Let p = 46 + -39. Calculate the greatest common divisor of 1 and p.
1
Let f be (2/4)/(4/192). What is the greatest common factor of 72 and f?
24
Let v = -112 + 160. Calculate the highest common divisor of 32 and v.
16
Suppose -4*z = 2*j - 94, 5*z + 2*j = 5*j + 112. Suppose -3*s + z = -1. What is the highest common divisor of s and 24?
8
S